of v and 117?
13
Let y be (-172)/(-2 - (-10)/6). Let g be 9/((-855)/10) + (-9009)/(-209). Calculate the greatest common factor of y and g.
43
Let c = 49 + -47. Suppose 2*d - 10 = 2*g - 0*g, -3*d + c*g + 12 = 0. What is the greatest common factor of 8 and d?
2
Let f be (-15458)/(-21) - 62/651. What is the highest common divisor of f and 598?
46
Let i be 2030/4*(14/4 + (-351)/130). Calculate the highest common factor of 231 and i.
7
Suppose 164 + 163 = 3*b. Suppose b + 47 = 13*n. Calculate the greatest common divisor of n and 12.
12
Suppose -3*a = 4*x + a - 64, -4*x + 58 = a. Let f = x + -4. What is the highest common divisor of 12 and f?
2
Suppose -24*s + 5526 + 10962 = 0. Suppose -17*d = -2849 - s. What is the greatest common factor of d and 16?
16
Suppose 287332 + 320469 + 853043 = 462*k. What is the greatest common factor of k and 744?
186
Let n = 95 + -75. Let s(l) be the second derivative of -l**3/6 + l**2/2 + 6*l. Let z be s(-7). What is the highest common divisor of z and n?
4
Let l = -49 + 72. Calculate the greatest common factor of 4439 and l.
23
Suppose -8*g + 26*g - 11*g - 119 = 0. Let q be (1564/(-16))/(1/(-4)). Calculate the greatest common factor of g and q.
17
Let f(v) = 2*v + 4. Let d = 2 - -2. Let u be f(d). Let a = 35 - 29. Calculate the greatest common divisor of u and a.
6
Suppose -9597*j - 5103 = -9606*j. Calculate the highest common divisor of 45 and j.
9
Suppose 0 = -7*o + 3*o + 48. Let h be 3/12 - 77/(-28). Suppose -h*x + 2*x + 84 = 0. What is the greatest common divisor of x and o?
12
Suppose 4*n = z + 98, -2*n - 5*z - 58 = -4*n. What is the highest common factor of 592 and n?
8
Let w(m) = 3*m**2 - 115*m + 233. Let x be w(41). What is the greatest common factor of 969 and x?
51
Let p(h) = -h**2 - 6*h + 245. Let o be p(0). Suppose -13 = s - 2*w - o, -2*w = -4. What is the greatest common divisor of s and 4?
4
Let i be 3/2 - (5/(-2))/5. Suppose 204 = 9*k + 148 - 88. What is the highest common factor of k and i?
2
Suppose 7*u + 15 = 300 + 373. What is the greatest common factor of u and 7?
1
Let j be 2*(-114)/12 + 6. Let l(m) = -m**2 - 27*m + 8. Let a be l(j). Calculate the highest common factor of a and 10.
10
Let h(g) = 934*g + 3482. Let p be h(19). Calculate the highest common divisor of 488 and p.
244
Let t = -446 - -450. Let y be t/(-20) - (-77)/35. Calculate the highest common divisor of 4 and y.
2
Suppose -2 = -w, -19*j + 21*j = 4*w + 216. Let k = 46 - -12. Suppose -5*n - 551 = -4*v - k, v - j = -n. What is the highest common divisor of 13 and v?
13
Let v = 176 + -76. Suppose 5*k - 35 = 3*j + v, -3*k - 31 = j. Let w be 528/10 - (-32)/j. What is the greatest common divisor of 13 and w?
13
Let w = -4890 + 5866. Calculate the highest common factor of w and 4148.
244
Let x(o) = 2*o**2 - 26*o - 47. Let c be x(26). Let q be 3 + (-198)/63 - (-120)/7. What is the highest common divisor of q and c?
17
Suppose u - 348 = -u + 4*c, -3*c = 3*u - 504. Let p be (-1 + 0)/((-15)/(-11505)). Let k = 835 + p. Calculate the highest common factor of u and k.
34
Let x be (-4)/(-54) + 169596/243. Suppose 13*n + 48 = x. What is the highest common factor of 125 and n?
25
Let r be (-3)/(-39) + (-1244)/(-52). What is the highest common divisor of 654 and r?
6
Suppose -3*t - 6 = 3*s, 11*t = 9*t + 5*s + 31. Suppose -12 = -0*b - t*b. Let k be (60/(-1))/(b/(48/(-9))). Calculate the highest common divisor of 120 and k.
40
Let z = 108 - 68. Suppose -o + 53 = -z. What is the greatest common factor of o and 155?
31
Suppose -5*h - 2*q = -1090, 2*h - 10*q + 13*q = 436. Let v = -128 + h. Calculate the greatest common divisor of 20 and v.
10
Suppose -6*u = -7*u + 34*u - 858. Calculate the greatest common factor of 351 and u.
13
Suppose 0 = -2*i + 2*r + 28, 5*i - r - 32 = 14. Calculate the greatest common divisor of i and 134.
2
Let o = 27316 - 16162. Calculate the greatest common divisor of o and 66.
66
Suppose 6*p - 584 = 2*f + 2*p, 4*f + 1140 = p. Let k = 15 - f. Calculate the highest common factor of 23 and k.
23
Let n = 247 - 245. Suppose -g + 32 = n*o - 5*g, 112 = 4*o + 4*g. Calculate the highest common divisor of o and 78.
6
Let s be 146 - (6/5)/((-96)/(-30) - 3). What is the greatest common factor of 1920 and s?
20
Let y be (-40*30/4)/(-1). Suppose 279 = 70*u - 1401. Calculate the greatest common divisor of u and y.
12
Suppose 471*v - 508*v + 43808 = 0. What is the highest common divisor of v and 160?
32
Let d(c) be the first derivative of c**3/3 - 3*c**2 - 7*c - 25. Let t be d(8). What is the greatest common factor of 216 and t?
9
Let o be (-15 - 9)/((-24)/32*2). Let f(r) = -5*r**3 - r**2 - r. Let u be f(-1). What is the highest common factor of o and u?
1
Suppose 0 = 2*c + 2*g + 1 + 7, -4*g = -5*c - 11. Suppose -6*t + 4*t + 6 = 0. Let v be t + (1 + c)/1. Calculate the highest common divisor of v and 8.
1
Suppose 107*m = 110*m + h - 291, 4*m + 2*h - 390 = 0. Suppose 44 = 2*c - 148. Calculate the greatest common factor of c and m.
96
Let q = -39 - -79. Let p = -37 - -2. Let r = q + p. Calculate the highest common divisor of r and 5.
5
Let v(l) = l**2 - 19*l + 23. Let m = -50 + 69. Let s be v(m). Suppose -w - s = -2*i - 4*w, 0 = 4*i + 3*w - 43. Calculate the highest common divisor of i and 50.
10
Let s = 9333 + -9324. Suppose 5*v - v - 96 = 0. Suppose 3*f - 5*g - v = 0, -2*f + 5*g = -14 - 7. Calculate the greatest common factor of f and s.
3
Let j = 5 + 4. Let y(r) = 3*r**2 + 88*r + 182. Let c be y(-29). Calculate the highest common factor of j and c.
9
Suppose 40 = 8*g - 0*g. Suppose 2*p = -5*f + g*p + 749, 5*f - p = 743. What is the highest common factor of f and 185?
37
Let v(j) = -3*j + 128. Let m be v(42). Let n(d) = 18*d - 32. Let g be n(m). What is the highest common divisor of g and 38?
2
Let g = -4182 + 10475. What is the greatest common divisor of 29 and g?
29
Let n = -2794 - -3306. What is the greatest common factor of 1152 and n?
128
Suppose -484221 - 237969 = -114*k + 57*k. What is the greatest common divisor of k and 35?
35
Suppose 5*m - 54 = -39, -4*m = -3*v - 210. Let t = 140 + v. Calculate the highest common divisor of t and 111.
37
Let c(z) = -3*z + 68. Let w be c(14). Suppose -7*a - 302 + 358 = 0. What is the greatest common divisor of a and w?
2
Let m be 6/2*(-42582)/(-18). Suppose -13*j + m = 1091. Calculate the highest common factor of j and 42.
42
Suppose 0 = -15*b - 21*b + 59*b - 40917. Calculate the greatest common divisor of b and 3.
3
Suppose i - 5*l = 4203, -37*i - 4*l = -38*i + 4205. Calculate the highest common divisor of i and 11.
11
Let d(u) = u**3 - 5*u**2 + 27*u - 89. Let f be d(4). Calculate the highest common divisor of 1056 and f.
3
Suppose 111*j + 2800 = 127*j. What is the greatest common factor of 7 and j?
7
Suppose -4*o - a = -1237, -4*o - 138*a = -143*a - 1255. Calculate the greatest common factor of o and 62.
62
Let d(g) = 3*g**2 + 301*g + 523. Let u be d(-101). What is the greatest common factor of 675 and u?
25
Suppose 174 = 129*m + 68*m - 5342. What is the greatest common factor of 1197 and m?
7
Suppose 42*f = 10*f + 28613 + 6715. Calculate the greatest common divisor of f and 874.
46
Suppose 2*t + 5*o - 85 - 87 = 0, 0 = 4*t + 5*o - 334. Let w(b) = -b**2 + 5*b + 131. Let i be w(-8). What is the greatest common divisor of i and t?
27
Let d(n) = 632*n - 8870. Let s be d(25). Calculate the highest common factor of s and 14.
14
Suppose 5*c - 15*c + 82200 = 5*c. Calculate the greatest common factor of 40 and c.
40
Let v = 4251 - 3998. Calculate the greatest common divisor of v and 88.
11
Suppose 5*q = 15, 0 = -114*v + 110*v + 5*q + 109. Calculate the greatest common factor of v and 34627.
31
Let z(k) = 28*k - 1. Let d be z(1). Let r be 12/3 - 19 - -3. Let l be 976/12 - (-4)/r. What is the highest common divisor of d and l?
27
Suppose 43*q + 60 = 63*q. Suppose -4*c = -2*w + 94, -42 = -0*w - w - q*c. Calculate the greatest common divisor of 855 and w.
45
Let c(i) = i**2 + 3*i - 8. Let y be c(-5). Let o(t) = 9*t - 12 + 26*t - 27*t. Let d be o(y). What is the greatest common divisor of 2 and d?
2
Let q be (26 + -7 + -49)*(-6 - 2). What is the highest common factor of q and 816?
48
Let q be 3/(-2 - -1) - (-87 - 24). Let t be (2 - (-36)/(-15))/(39/(-585)). Calculate the greatest common divisor of q and t.
6
Let